base 14) to base 7
4212311
Convert 30243333 (base 6) to base 3.
1121202111210
What is -8d331 (base 15) in base 16?
-6dc3c
Convert -1576411 (base 11) to base 10.
-2687785
Convert 16202113 (base 7) to base 13.
429a30
Convert cd3ed (base 16) to base 15.
11915a
1001110011000011000101 (base 2) to base 8
11630305
551036 (base 11) to base 3
1122200220022
What is -bc396 (base 13) in base 2?
-1010011010010101101
What is 101110110110011001010 (base 2) in base 10?
1535178
What is -2852a4 (base 12) in base 6?
-22225524
What is -1000212122 (base 3) in base 9?
-30778
What is 101011111010010 (base 2) in base 5?
1204412
Convert 2968415 (base 10) to base 9.
5523808
Convert 275f (base 16) to base 4.
2131133
What is -8ef13d (base 16) in base 8?
-43570475
What is 3519394 (base 12) in base 10?
10238944
Convert 2500032 (base 6) to base 16.
20474
-102225 (base 6) to base 13
-3a13
What is -1100001100010111110010 (base 2) in base 4?
-30030113302
What is 14232340 (base 5) in base 11?
a2021
What is 10210423030 (base 5) in base 8?
50453444
What is 1005467 (base 11) in base 6?
102043021
912a7 (base 15) to base 14
bd6d1
-1223333 (base 4) to base 15
-20ab
Convert -102120111022 (base 3) to base 11.
-146178
-408200 (base 13) to base 15
-1ea55b
Convert 121024224 (base 7) to base 9.
15155180
Convert -4656105 (base 7) to base 16.
-8ef53
Convert 61522626 (base 7) to base 4.
103221001020
Convert -2be4cb (base 16) to base 5.
-1214022434
What is -40472147 (base 8) in base 2?
-100000100111010001100111
What is -53113425 (base 6) in base 8?
-5722331
-b196b (base 13) to base 5
-40133403
What is -59cb1 (base 14) in base 3?
-102010210121
What is -3178 (base 14) in base 11?
-6459
Convert 1783a (base 11) to base 16.
6189
What is 21244420 (base 5) in base 10?
181235
What is -32bfa (base 16) in base 2?
-110010101111111010
-2570842 (base 10) to base 6
-131034014
Convert 11001000202222 (base 3) to base 15.
2c5cc8
164123416 (base 7) to base 4
222232100032
Convert -b2aaa4 (base 13) to base 3.
-21211121111102
Convert 7220777 (base 8) to base 11.
109449a
6437c (base 14) to base 7
2026015
1101332013 (base 5) to base 16
242d43
-139a443 (base 13) to base 3
-102201000211121
5b75165 (base 12) to base 11
a072277
110293 (base 14) to base 16
8ccf9
758564 (base 15) to base 9
11470534
Convert -8a421 (base 13) to base 10.
-251161
Convert 17624 (base 8) to base 15.
25de
What is -47a29 (base 14) in base 5?
-21043434
Convert -4285186 (base 10) to base 7.
-51265153
What is -99a92 (base 13) in base 10?
-278631
What is 96006 (base 12) in base 16?
30186
What is 13251300 (base 6) in base 10?
442260
11362488 (base 10) to base 2
101011010110000010111000
Convert 9b442b (base 15) to base 5.
3343440231
112100211000 (base 3) to base 13
9b8b6
-7f1c5 (base 16) to base 6
-15054221
What is 11d4c9 (base 15) in base 14?
18380c
Convert 64702724 (base 8) to base 13.
2b448a1
What is 10373430 (base 8) in base 7?
24630430
730241 (base 8) to base 4
323002201
46861 (base 13) to base 8
373531
1001001110001001 (base 2) to base 7
215054
Convert 50fdf (base 16) to base 4.
1100333133
Convert -3155665 (base 8) to base 13.
-236734
-101000110000000100 (base 2) to base 16
-28c04
What is -3809392 (base 10) in base 4?
-32202001300
Convert -5a963a9 (base 11) to base 9.
-21858170
What is 11256262 (base 8) in base 4?
21111302302
Convert 111100010101010101 (base 2) to base 7.
2046324
Convert 2011211022021 (base 3) to base 11.
720a24
30350250 (base 6) to base 5
210312333
What is 313079 (base 12) in base 8?
2744635
Convert 411143242 (base 5) to base 9.
3113244
Convert 1c01c (base 13) to base 16.
d6a6
Convert 10000110120220 (base 3) to base 14.
2da51a
Convert 3264334 (base 7) to base 9.
673124
What is -665c4 (base 13) in base 2?
-101101010011010001
200010022021112 (base 3) to base 2
100100101111010100101110
-414001 (base 10) to base 3
-210000220101
Convert -aa5831 (base 13) to base 12.
-1415171
Convert -1c14a0 (base 13) to base 16.
-af0e4
1683871 (base 11) to base 5
1213010114
6121150 (base 9) to base 4
30130103220
163312 (base 9) to base 13
36ba2
What is -12022110121 (base 3) in base 2?
-11001100010001011
Convert -5232322 (base 7) to base 12.
-264647
Convert -114fc (base 16) to base 11.
-49302
What is -311ba2 (base 16) in base 13?
-888b56
5054103 (base 6) to base 13
85707
Convert -100101111011011101011 (base 2) to base 11.
-779862
Convert -414b7 (base 15) to base 14.
-555bd
Convert -3672417 (base 10) to base 5.
-1420004132
4140232 (base 6) to base 10
199676
427701a (base 11) to base 13
1733c09
Convert -2505356 (base 8) to base 5.
-134102201
17a72c (base 13) to base 16
911eb
Convert -124041301 (base 5) to base 4.
-2111123230
a2b19 (base 12) to base 16
33dc5
446242 (base 7) to base 6
1405454
10015032 (base 6) to base 7
2254061
What is 3a7b09 (base 16) in base 5?
1440120320
What is -1975299 (base 13) in base 3?
-120202201221210
What is 163b75 (base 12) in base 13?
10401b
Convert 7423 (base 16) to base 10.
29731
What is 5260721 (base 8) in base 6?
50011253
-2440 (base 7) to base 9
-1221
What is 1440130423 (base 5) in base 11?
2188a72
3131342433 (base 5) to base 7
106232063
-5016 (base 13) to base 6
-122540
-99445 (base 10) to base 13
-36358
Convert 11000110111100111100 (base 2) to base 8.
3067474
What is -1895cb (base 15) in base 5?
-301233231
What is 12011113113 (base 4) in base 12?
64ab33
Convert 100111100110100011 (base 2) to base 9.
266454
What is a95565 (base 12) in base 13?
72cabb
What is 18a829 (base 11) in base 10?
292488
Convert 4340 (base 13) to base 12.
54ab
3231454 (base 9) to base 15
243821
What is 225cb (base 15) in base 5?
11444231
1c3b4 (base 15) to base 6
1545441
What is 23112441 (base 6) in base 10?
709513
13054214 (base 7) to base 11
743057
2406337 (base 11) to base 12
14a40ab
What is -756313 (base 8) in base 13?
-8b2a8
What is -13765640 (base 8) in base 6?
-151151224
Convert -8a142b (base 13) to base 5.
-1313240424
-26a8d (base 15) to base 8
-361753
What is -2a2819 (base 12) in base 14?
-146897
-125f21 (base 16) to base 11
-752647
Convert 1100000011000110001 (base 2) to base 15.
7bea1
What is -b748d (base 14) in base 5?
-103131233
What is 13151432 (base 6) in base 4?
1222011230
Convert -2222002200 (base 4) to base 2.
-10101010000010100000
-b2892 (base 13) to base 15
-64c5b
100101100111111011100 (base 2) to base 15
19545a
-553034400 (base 6) to base 4
-211323121200
22c1c (base 15) to base 3
12121220000
Convert 16630563 (base 7) to base 2.
110001111110110001100
Convert 202132222 (base 6) to base 16.
34de16
Convert 1212110333 (base 4) to base 14.
aca63
-10b83 (base 15) to base 11
-36a95
5352446 (base 12) to base 7
251110011
-34935 (base 13) to base 2
-10111011100100100
What is -1010000110110011 (base 2) in base 12?
-1bb57
1787083 (base 11) to base 9
5621125
What is 1000201122000 (base 3) in base 13?
16153b
Convert 78991 (base 12) to base 8.
471175
What is -12213122 (base 5) in base 9?
-187024
Convert 3b563 (base 12) to base 8.
240133
Convert -6336722 (base 8) to base 13.
-470b2a
What is 116790 (base 10) in base 8?
344066
Convert 288b6c4 (base 13) to base 16.
c47fdf
Convert -346195 (base 15) to base 9.
-4632045
What is -1501324 (base 6) in base 7?
-505240
What is -973299 (base 10) in base 6?
-32510003
What is 11000210100 (base 3) in base 10?
79308
Convert -2595264 (base 10) to base 2.
-1001111001100111000000
24402300 (base 6) to base 14
163816
Convert 106279d (base 14) to base 15.
a36521
1bb5781 (base 12) to base 16
5af511
Convert 552403 (base 7) to base 6.
2024421
What is 57a4b1 (base 12) in base 14?
288c17
What is 26a35a (base 14) in base 5?
320144002
What is 229825 (base 14) in base 10?
1178777
What is 3ba1006 (base 12) in base 15?
10a2283
What is -41792 (base 12) in base 10?
-85790
What is 129d4a (base 14) in base 4?
2130232232
3b4b4 (base 14) to base 8
435706
Convert -31665 (base 8) to base 11.
-9a44
What is 784611 (base 14) in base 4?
33211020213
What is 324123322 (base 5) in base 6?
45524250
Convert 1573804 (base 10) to base 7.
16243231
Convert 5527302 (base 8) to base 9.
2715120
-1011100110101101 (base 2) to base 10
-47533
-1101767 (base 11) to base 6
-105245411
What is -307ba77 (base 12) in base 13?
-1b75a09
What is db78b (base 16) in base 2?
11011011011110001011
What is -100011100000000101111101 (base 2) in base 15?
-c3c72d
4